{"id":2,"date":"2024-01-05T17:46:15","date_gmt":"2024-01-05T16:46:15","guid":{"rendered":"http:\/\/cneser-intergroupe.fr\/?page_id=2"},"modified":"2026-01-22T16:43:53","modified_gmt":"2026-01-22T15:43:53","slug":"ces-recherche","status":"publish","type":"page","link":"https:\/\/cneser-intergroupe.fr\/index.php\/ces-recherche\/","title":{"rendered":"CES Recherche"},"content":{"rendered":"\n<p>Le CNESER pour la mandature 2023-2027 a vot\u00e9 lors de sa session inaugurale le 12 septembre 2023 la cr\u00e9ation d&rsquo;une Commission d&rsquo;\u00e9tudes sp\u00e9cialis\u00e9es focalis\u00e9e sur le champs d&rsquo;intervention \u00ab\u00a0Recherche\u00a0\u00bb du CNESER sur la th\u00e9matique <strong>\u00ab\u00a0Emploi scientifique et conditions d&rsquo;exercice de la recherche\u00a0\u00bb<\/strong>. Cette sous section du site CNESER intergroupe est d\u00e9di\u00e9e aux activit\u00e9s de la CES Recherche. <\/p>\n\n\n\n<p>Voir l&rsquo;ensemble des <a href=\"\/index.php\/category\/ces-recherche\/\">articles relatifs \u00e0 la CES Recherche<\/a><\/p>\n\n\n\n<p>Les membres du CNESER volontaires pour participer \u00e0 la CES sont<\/p>\n\n\n\n<ul class=\"wp-block-list\">\n<li>Ben ALICHERIF (UNSA)<\/li>\n\n\n\n<li>Arnaud BIARD (CFTC)<\/li>\n\n\n\n<li>Gilles CHAIX (CFDT)<\/li>\n\n\n\n<li>Laurent COSTE (CFE-CGC)<\/li>\n\n\n\n<li>Agn\u00e8s COUSSON (QSF)<\/li>\n\n\n\n<li>St\u00e9phanie DANAUX (AND\u00e8S)<\/li>\n\n\n\n<li>Justin DEBEVE (FAGE)<\/li>\n\n\n\n<li>St\u00e9phanie DEBOEUF (CGT)<\/li>\n\n\n\n<li>Nathalie DEJUCQ RAINSFORD (SNCS-FSU)<\/li>\n\n\n\n<li>Marie-Christine DICTOR (CFDT)<\/li>\n\n\n\n<li>Xavier DUCHEMIN (SNPTES)<\/li>\n\n\n\n<li>Cecile ENGRAND (CFDT)<\/li>\n\n\n\n<li>Nils FOIX-COLONIER (FAGE)<\/li>\n\n\n\n<li>Pierre GILLIOT (SNCS-FSU)<\/li>\n\n\n\n<li>Laetitia GRIMALDI (CFDT)<\/li>\n\n\n\n<li>Ya\u00ebl GROJEAN (SNCS-FSU)<\/li>\n\n\n\n<li>Nicolas HOLZSCHUCH (CFDT)<\/li>\n\n\n\n<li>Godefroy LEM\u00c9NAGER (AND\u00e8S)<\/li>\n\n\n\n<li>Andr\u00e9 LUTTON (CGT)<\/li>\n\n\n\n<li>Jean-Michel MINOVEZ (SNESUP-FSU)<\/li>\n\n\n\n<li>Juliette OLIVIER (SNASUB-FSU)<\/li>\n\n\n\n<li>Dimitri PEAUCELLE (SNCS-FSU)<\/li>\n\n\n\n<li>Marie-France PILLER (CFTC)<\/li>\n\n\n\n<li>St\u00e9phanie REYNAUD (SNPTES)<\/li>\n\n\n\n<li>Yannick SAINTIGNY (UNSA)<\/li>\n\n\n\n<li>Virginie SAINT-JAMES (UNSA)<\/li>\n\n\n\n<li>Susana SEGUIN (QSF)<\/li>\n\n\n\n<li>Christophe TESTELIN (CNRS)<\/li>\n\n\n\n<li>Christophe VOILLIOT (SNESUP-FSU)<\/li>\n<\/ul>\n\n\n\n<p>Documents relatifs \u00e0 l&#8217;emploi scientifique et les conditions d&rsquo;exercice de la recherche<\/p>\n\n\n\n<ul class=\"wp-block-list\">\n<li>Rapport du CNESER <a href=\"https:\/\/hal.science\/hal-04249254v1\">Transformation de la gestion du temps de travail et des activit\u00e9s dans la recherche publique et financement par appels \u00e0 projets<\/a><\/li>\n\n\n\n<li><a href=\"https:\/\/publication.enseignementsup-recherche.gouv.fr\/FR\/\">Documents de la sous direction des syst\u00e8mes d&rsquo;information et des \u00e9tudes statistiques (SIES)<\/a> du Minist\u00e8re de l&rsquo;Enseignement sup\u00e9rieur et de la Recherche, dont <a href=\"https:\/\/publication.enseignementsup-recherche.gouv.fr\/eesr\/FR\/\">l&rsquo;\u00c9tat de l&rsquo;Enseignement sup\u00e9rieur, de la Recherche et&nbsp;de&nbsp;l&rsquo;Innovation en France<\/a><\/li>\n\n\n\n<li><a href=\"https:\/\/www.enseignementsup-recherche.gouv.fr\/fr\/les-personnels-de-la-recherche-46556\">Les personnels de la recherche tels que pr\u00e9sent\u00e9s par le MESRI<\/a><\/li>\n\n\n\n<li><a href=\"https:\/\/carrieres.cnrs.fr\/rapport-social-unique\/\">Rapport social unique (RSU) du CNRS<\/a><\/li>\n\n\n\n<li>Mission pour la place des femmes du CNRS<\/li>\n<\/ul>\n","protected":false},"excerpt":{"rendered":"<p>Le CNESER pour la mandature 2023-2027 a vot\u00e9 lors de sa session inaugurale le 12 septembre 2023 la cr\u00e9ation d&rsquo;une Commission d&rsquo;\u00e9tudes sp\u00e9cialis\u00e9es focalis\u00e9e sur le champs d&rsquo;intervention \u00ab\u00a0Recherche\u00a0\u00bb du CNESER sur la th\u00e9matique \u00ab\u00a0Emploi scientifique et conditions d&rsquo;exercice de la recherche\u00a0\u00bb. Cette sous section du site CNESER intergroupe est d\u00e9di\u00e9e aux activit\u00e9s de la &#8230; <a title=\"CES Recherche\" class=\"read-more\" href=\"https:\/\/cneser-intergroupe.fr\/index.php\/ces-recherche\/\" aria-label=\"En savoir plus sur CES Recherche\">Lire la suite<\/a><\/p>\n","protected":false},"author":2,"featured_media":0,"parent":0,"menu_order":0,"comment_status":"closed","ping_status":"open","template":"","meta":{"footnotes":""},"class_list":["post-2","page","type-page","status-publish"],"_links":{"self":[{"href":"https:\/\/cneser-intergroupe.fr\/index.php\/wp-json\/wp\/v2\/pages\/2","targetHints":{"allow":["GET"]}}],"collection":[{"href":"https:\/\/cneser-intergroupe.fr\/index.php\/wp-json\/wp\/v2\/pages"}],"about":[{"href":"https:\/\/cneser-intergroupe.fr\/index.php\/wp-json\/wp\/v2\/types\/page"}],"author":[{"embeddable":true,"href":"https:\/\/cneser-intergroupe.fr\/index.php\/wp-json\/wp\/v2\/users\/2"}],"replies":[{"embeddable":true,"href":"https:\/\/cneser-intergroupe.fr\/index.php\/wp-json\/wp\/v2\/comments?post=2"}],"version-history":[{"count":16,"href":"https:\/\/cneser-intergroupe.fr\/index.php\/wp-json\/wp\/v2\/pages\/2\/revisions"}],"predecessor-version":[{"id":106,"href":"https:\/\/cneser-intergroupe.fr\/index.php\/wp-json\/wp\/v2\/pages\/2\/revisions\/106"}],"wp:attachment":[{"href":"https:\/\/cneser-intergroupe.fr\/index.php\/wp-json\/wp\/v2\/media?parent=2"}],"curies":[{"name":"wp","href":"https:\/\/api.w.org\/{rel}","templated":true}]}}

<p>Le CNESER pour la mandature 2023-2027 a voté lors de sa session inaugurale le 12 septembre 2023 la création d&rsquo;une Commission d&rsquo;études spécialisées focalisée sur le champs d&rsquo;intervention « Recherche » du CNESER sur la thématique <strong>« Emploi scientifique et conditions d&rsquo;exercice de la recherche »</strong>. Cette sous section du site CNESER intergroupe est dédiée aux activités de la CES Recherche. </p>



<p>Voir l&rsquo;ensemble des <a href="/index.php/category/ces-recherche/">articles relatifs à la CES Recherche</a></p>



<p>Les membres du CNESER volontaires pour participer à la CES sont</p>



<ul class="wp-block-list">
<li>Ben ALICHERIF (UNSA)</li>



<li>Arnaud BIARD (CFTC)</li>



<li>Gilles CHAIX (CFDT)</li>



<li>Laurent COSTE (CFE-CGC)</li>



<li>Agnès COUSSON (QSF)</li>



<li>Stéphanie DANAUX (ANDèS)</li>



<li>Justin DEBEVE (FAGE)</li>



<li>Stéphanie DEBOEUF (CGT)</li>



<li>Nathalie DEJUCQ RAINSFORD (SNCS-FSU)</li>



<li>Marie-Christine DICTOR (CFDT)</li>



<li>Xavier DUCHEMIN (SNPTES)</li>



<li>Cecile ENGRAND (CFDT)</li>



<li>Nils FOIX-COLONIER (FAGE)</li>



<li>Pierre GILLIOT (SNCS-FSU)</li>



<li>Laetitia GRIMALDI (CFDT)</li>



<li>Yaël GROJEAN (SNCS-FSU)</li>



<li>Nicolas HOLZSCHUCH (CFDT)</li>



<li>Godefroy LEMÉNAGER (ANDèS)</li>



<li>André LUTTON (CGT)</li>



<li>Jean-Michel MINOVEZ (SNESUP-FSU)</li>



<li>Juliette OLIVIER (SNASUB-FSU)</li>



<li>Dimitri PEAUCELLE (SNCS-FSU)</li>



<li>Marie-France PILLER (CFTC)</li>



<li>Stéphanie REYNAUD (SNPTES)</li>



<li>Yannick SAINTIGNY (UNSA)</li>



<li>Virginie SAINT-JAMES (UNSA)</li>



<li>Susana SEGUIN (QSF)</li>



<li>Christophe TESTELIN (CNRS)</li>



<li>Christophe VOILLIOT (SNESUP-FSU)</li>
</ul>



<p>Documents relatifs à l&#8217;emploi scientifique et les conditions d&rsquo;exercice de la recherche</p>



<ul class="wp-block-list">
<li>Rapport du CNESER <a href="https://hal.science/hal-04249254v1">Transformation de la gestion du temps de travail et des activités dans la recherche publique et financement par appels à projets</a></li>



<li><a href="https://publication.enseignementsup-recherche.gouv.fr/FR/">Documents de la sous direction des systèmes d&rsquo;information et des études statistiques (SIES)</a> du Ministère de l&rsquo;Enseignement supérieur et de la Recherche, dont <a href="https://publication.enseignementsup-recherche.gouv.fr/eesr/FR/">l&rsquo;État de l&rsquo;Enseignement supérieur, de la Recherche et&nbsp;de&nbsp;l&rsquo;Innovation en France</a></li>



<li><a href="https://www.enseignementsup-recherche.gouv.fr/fr/les-personnels-de-la-recherche-46556">Les personnels de la recherche tels que présentés par le MESRI</a></li>



<li><a href="https://carrieres.cnrs.fr/rapport-social-unique/">Rapport social unique (RSU) du CNRS</a></li>



<li>Mission pour la place des femmes du CNRS</li>
</ul>

<p>Le CNESER pour la mandature 2023-2027 a voté lors de sa session inaugurale le 12 septembre 2023 la création d&rsquo;une Commission d&rsquo;études spécialisées focalisée sur le champs d&rsquo;intervention « Recherche » du CNESER sur la thématique « Emploi scientifique et conditions d&rsquo;exercice de la recherche ». Cette sous section du site CNESER intergroupe est dédiée aux activités de la &#8230; <a title="CES Recherche" class="read-more" href="https://cneser-intergroupe.fr/index.php/ces-recherche/" aria-label="En savoir plus sur CES Recherche">Lire la suite</a></p>
